e prime factors of 1482558.
2, 3, 7, 11, 3209
What are the prime factors of 1460881?
127, 11503
List the prime factors of 16978506.
2, 3, 2829751
List the prime factors of 9282762.
2, 3, 57301
List the prime factors of 2106088.
2, 41, 6421
List the prime factors of 5708286.
2, 3, 37, 2857
List the prime factors of 1790004.
2, 3, 43, 3469
What are the prime factors of 15896?
2, 1987
What are the prime factors of 9802399?
79, 167, 743
List the prime factors of 340442.
2, 17, 19, 31
List the prime factors of 7011500.
2, 5, 37, 379
List the prime factors of 539860.
2, 5, 26993
What are the prime factors of 71936?
2, 281
What are the prime factors of 906146?
2, 453073
List the prime factors of 1114000.
2, 5, 557
What are the prime factors of 2334948?
2, 3, 7, 11, 19
What are the prime factors of 422220?
2, 3, 5, 31, 227
List the prime factors of 219645.
3, 5, 1627
What are the prime factors of 62387?
13, 4799
List the prime factors of 228196.
2, 89, 641
List the prime factors of 348646.
2, 47, 3709
List the prime factors of 1151944.
2, 311, 463
What are the prime factors of 1161657?
3, 7, 18439
List the prime factors of 12204887.
1471, 8297
What are the prime factors of 430011?
3, 47779
What are the prime factors of 512153?
673, 761
What are the prime factors of 2037674?
2, 19, 53623
What are the prime factors of 436222?
2, 218111
What are the prime factors of 1109595?
3, 5, 73973
List the prime factors of 379720.
2, 5, 11, 863
List the prime factors of 283750.
2, 5, 227
What are the prime factors of 1533354?
2, 3, 37, 6907
List the prime factors of 1727527.
1727527
List the prime factors of 140384.
2, 41, 107
What are the prime factors of 454602?
2, 3, 75767
List the prime factors of 15401394.
2, 3, 73, 3907
List the prime factors of 3046978.
2, 11, 17, 8147
List the prime factors of 162656.
2, 13, 17, 23
What are the prime factors of 707659?
17, 41627
List the prime factors of 1000777.
1000777
List the prime factors of 96663.
3, 7, 4603
List the prime factors of 114903.
3, 17, 751
What are the prime factors of 2273783?
2273783
List the prime factors of 1672027.
7, 34123
What are the prime factors of 1039769?
1039769
What are the prime factors of 64267?
7, 9181
What are the prime factors of 503202?
2, 3, 7, 11981
What are the prime factors of 1993879?
17, 19, 6173
List the prime factors of 161847.
3, 7, 367
List the prime factors of 1066132.
2, 193, 1381
What are the prime factors of 52761?
3, 43, 409
List the prime factors of 31446558.
2, 3, 11, 13, 19, 643
List the prime factors of 7510052.
2, 11, 23, 41, 181
What are the prime factors of 7838332?
2, 1959583
List the prime factors of 32915721.
3, 2069, 5303
What are the prime factors of 172639?
31, 5569
List the prime factors of 1039241.
7, 127, 167
What are the prime factors of 440216?
2, 7, 1123
List the prime factors of 150041.
150041
List the prime factors of 1818952.
2, 271, 839
List the prime factors of 23099.
23099
List the prime factors of 716726.
2, 23, 15581
List the prime factors of 1834208.
2, 31, 43
What are the prime factors of 157922?
2, 281
List the prime factors of 507601.
97, 5233
What are the prime factors of 113889?
3, 37963
What are the prime factors of 3926086?
2, 73, 26891
What are the prime factors of 1769003?
17, 104059
What are the prime factors of 390174?
2, 3, 65029
What are the prime factors of 128857?
128857
List the prime factors of 1223683.
1223683
List the prime factors of 12207.
3, 13, 313
What are the prime factors of 82144?
2, 17, 151
List the prime factors of 7959065.
5, 1591813
What are the prime factors of 244206?
2, 3, 13567
What are the prime factors of 8387855?
5, 7, 47, 5099
What are the prime factors of 5495583?
3, 1831861
What are the prime factors of 1152707?
1152707
What are the prime factors of 2734148?
2, 23, 113, 263
List the prime factors of 336287.
7, 6863
List the prime factors of 391736.
2, 23, 2129
What are the prime factors of 10747715?
5, 11, 195413
List the prime factors of 698526.
2, 3, 151, 257
What are the prime factors of 1594957?
7, 13, 17, 1031
What are the prime factors of 22289268?
2, 3, 1857439
List the prime factors of 1266380.
2, 5, 23, 2753
List the prime factors of 155157.
3, 51719
List the prime factors of 165363.
3, 11, 5011
List the prime factors of 90626.
2, 113, 401
What are the prime factors of 289304?
2, 29, 43
List the prime factors of 2418120.
2, 3, 5, 2239
What are the prime factors of 134959?
11, 12269
What are the prime factors of 9266185?
5, 419, 4423
What are the prime factors of 3499045?
5, 11, 113, 563
What are the prime factors of 108175?
5, 4327
List the prime factors of 52789.
11, 4799
What are the prime factors of 5707582?
2, 2853791
What are the prime factors of 330587?
330587
What are the prime factors of 38653380?
2, 3, 5, 214741
List the prime factors of 340714.
2, 11, 17, 911
List the prime factors of 14878597.
113, 353, 373
What are the prime factors of 1312941?
3, 7, 103, 607
What are the prime factors of 341815?
5, 137, 499
List the prime factors of 75318.
2, 3, 12553
List the prime factors of 1416096.
2, 3, 11, 149
What are the prime factors of 262626?
2, 3, 7, 13, 37
What are the prime factors of 197232?
2, 3, 7, 587
List the prime factors of 3306460.
2, 5, 31, 5333
List the prime factors of 1616962.
2, 808481
What are the prime factors of 1008152?
2, 126019
List the prime factors of 3178992.
2, 3, 103, 643
What are the prime factors of 237957?
3, 79319
What are the prime factors of 34973?
41, 853
List the prime factors of 13520944.
2, 179, 4721
What are the prime factors of 324749?
37, 67, 131
What are the prime factors of 771945?
3, 5, 53, 971
List the prime factors of 837941.
13, 43, 1499
List the prime factors of 428286.
2, 3, 41, 1741
List the prime factors of 126977.
19, 41, 163
List the prime factors of 89179.
257, 347
What are the prime factors of 207286?
2, 103643
What are the prime factors of 272401?
211, 1291
List the prime factors of 21665187.
3, 19, 31, 61, 67
List the prime factors of 235276.
2, 131, 449
What are the prime factors of 1528399?
1528399
List the prime factors of 75633.
3, 17, 1483
List the prime factors of 11127946.
2, 31, 179483
List the prime factors of 21069934.
2, 2269, 4643
What are the prime factors of 2071351?
2071351
List the prime factors of 285296.
2, 11, 1621
List the prime factors of 379478.
2, 11, 47, 367
What are the prime factors of 2311019?
31, 127, 587
List the prime factors of 2526607.
2526607
List the prime factors of 15862084.
2, 7, 80929
What are the prime factors of 46166?
2, 41, 563
What are the prime factors of 432383?
7, 19, 3251
List the prime factors of 3867555.
3, 5, 257837
What are the prime factors of 2347302?
2, 3, 391217
What are the prime factors of 1792552?
2, 224069
What are the prime factors of 13848285?
3, 5, 11, 17, 4937
List the prime factors of 39732.
2, 3, 7, 11, 43
What are the prime factors of 735191?
67, 10973
What are the prime factors of 901916?
2, 225479
What are the prime factors of 988253?
7, 141179
List the prime factors of 475120.
2, 5, 5939
List the prime factors of 57599.
239, 241
List the prime factors of 7868384.
2, 131, 1877
List the prime factors of 376202.
2, 137, 1373
What are the prime factors of 923746?
2, 17, 101, 269
What are the prime factors of 12214538?
2, 7, 89, 9803
List the prime factors of 2600035.
5, 23, 983
What are the prime factors of 844171?
317, 2663
List the prime factors of 26591114.
2, 11, 43, 28109
List the prime factors of 117713.
53, 2221
What are the prime factors of 170441?
170441
List the prime factors of 614938.
2, 349, 881
List the prime factors of 326191.
79, 4129
List the prime factors of 768735.
3, 5, 11, 1553
What are the prime factors of 12565443?
3, 11, 503, 757
What are the prime factors of 18725710?
2, 5, 167, 11213
List the prime factors of 390304.
2, 12197
List the prime factors of 310064.
2, 19379
List the prime factors of 1633574.
2, 101, 8087
List the prime factors of 227196.
2, 3, 6311
List the prime factors of 1259568.
2, 3, 8747
What are the prime factors of 370292?
2, 13, 7121
List the prime factors of 25837.
7, 3691
What are the prime factors of 2289594?
2, 3, 17, 22447
What are the prime factors of 3384042?
2, 3, 127, 4441
List the prime factors of 4787786.
2,